, 23
Suppose 5985 + 2940 = 5*z. List the prime factors of z.
3, 5, 7, 17
Let v(s) = -39*s**2 - 7*s - 2. Let o be v(-3). What are the prime factors of 30/12*o/(-5)?
2, 83
Suppose 6*v - 36 = 2*v. Suppose -13*t + v*t = 0. Suppose l + 0*l - 17 = t. What are the prime factors of l?
17
Let s = 203 - 62. Suppose 0 = -3*b + 4*r + 140, -4*b + 29 = -2*r - s. Let n = b - 5. List the prime factors of n.
5, 7
Let f(g) = -g**2 - 14*g + 7. Let h = -20 - -13. Let x be f(h). Suppose 3*w = 5*b - x, 3*b - 6*b + w + 36 = 0. What are the prime factors of b?
13
Suppose 20*o + 12 = 24*o. Let r be (-3)/2*(-6)/o. Suppose 3*y = 5*w - 0*w - 177, 0 = r*y - 3. List the prime factors of w.
2, 3
Let r = 15 + -10. Suppose -r*p + p = -20. Suppose 0 = -4*b + p*s + 22, -4*s + 4 + 4 = 0. What are the prime factors of b?
2
Suppose -2627*d = -2625*d - 2832. List the prime factors of d.
2, 3, 59
Suppose -6*n = -q + 6*q - 12189, -5*q + 12149 = -4*n. List the prime factors of q.
3, 811
List the prime factors of (6 + -6)/8 + (-10360)/(-4).
2, 5, 7, 37
Suppose 0 = 7*j - 6*j - 6. Suppose -j = -5*k + 14. Suppose -v - k*v + 120 = 0. What are the prime factors of v?
2, 3
Suppose 4*j = 2*s + 16, -5*j - 3*s = -s - 2. Let n be (-12)/(-32)*20*(1 - -11). Suppose -5*d + n = -j*d. What are the prime factors of d?
2, 3, 5
Let r = 8281 + -4864. What are the prime factors of r?
3, 17, 67
Let k(v) = 2*v**2 - 3. Suppose -l - 2*l = 18. What are the prime factors of k(l)?
3, 23
What are the prime factors of (-63052)/(-55) - ((-2)/(-5) - 0)?
2, 3, 191
Let q be 4/18 + (-150)/(-54). Suppose 0 = j + 2*j - 102. Suppose t - j = -2*p - 2*t, -5*p = -q*t - 64. What are the prime factors of p?
2, 7
List the prime factors of -2*(-4)/(32/366)*4.
2, 3, 61
Let f = 2623 - 1490. List the prime factors of f.
11, 103
Suppose 570 = 2*z + 2*f, -2*f + 2 = -6. Suppose -3*j = 3*i - 417, -2*j + 4*j - z = i. What are the prime factors of j?
2, 5, 7
Let k = 14 + -4. Suppose 0*z - 22 = -z + 5*s, 5*z = 5*s + k. What are the prime factors of ((-26)/z)/(13/39)?
2, 13
Suppose g + 3*g - 792 = 0. What are the prime factors of g?
2, 3, 11
Let j(c) = -c - 4. Let y be j(-8). Suppose 339 = 5*d - 4*n - 595, 0 = -4*n - y. Suppose -8 = -2*k, 0 = 3*r - k + 4*k - d. List the prime factors of r.
2, 29
Let x(i) = -22*i - 65. What are the prime factors of x(-9)?
7, 19
Let a(s) = -s**3 - 25*s**2 + 89*s + 95. What are the prime factors of a(-29)?
2, 439
Let n = 1857 - 1812. What are the prime factors of n?
3, 5
Let b(v) = -35*v**2 + 14*v - 27. Let j(m) = 17*m**2 - 6*m + 13. Let p(r) = 2*b(r) + 5*j(r). List the prime factors of p(3).
2, 5, 7
Let g = 0 - -2. Suppose -g*n = -6*n + 16. Suppose z = 2*k + 16, 3*k - n = -z + 2. List the prime factors of z.
2, 3
Let z(p) = -3*p**3 - 2*p**2 - 5*p + 6. Let d be z(4). List the prime factors of (4 - 76/20) + d/(-10).
2, 3
Let n be 4/((-3)/15*-5). Suppose -n*i + 362 - 78 = 0. What are the prime factors of i?
71
Let c(p) = -2*p**3 + 33*p**2 - 23*p + 31. What are the prime factors of c(14)?
13, 53
Let u = 45 + -4. Suppose 161 = 5*w + 4*y + u, 0 = y. Suppose -z = z - w. What are the prime factors of z?
2, 3
Suppose -26 = -r - 112. Let h = -55 - r. What are the prime factors of h?
31
Suppose 0 = -g + 3*o + 695 - 100, 0 = -4*o. What are the prime factors of g?
5, 7, 17
Let t(i) = 23*i**2 - 2. Let q = 33 - 35. Let a be t(q). List the prime factors of -3*(-1)/6*a.
3, 5
Let s = 43 - 86. Let o = 67 + s. What are the prime factors of o?
2, 3
Suppose -2*x + 2 = -0*x. List the prime factors of x/(3 + (-548)/184).
2, 23
Let g = 90 + 16. Let w = -64 + g. What are the prime factors of w?
2, 3, 7
Suppose -3*u = 2*k - 7769, u - 3*u = -2*k - 5176. List the prime factors of u.
3, 863
Let v(n) = n**2 - 7*n - 14. Let l be v(9). Suppose 2*j - m = j + 77, j - l*m = 92. Let w = -35 + j. List the prime factors of w.
37
Let p(g) = g**2 + 2*g - 9. Let k be -5*(-3)/((-12)/8). What are the prime factors of p(k)?
71
What are the prime factors of ((-2)/6)/(6 + (-10155)/1692)?
2, 47
Suppose -1248*g = -1252*g + 2908. List the prime factors of g.
727
Let y be (-254)/(-9) + -1*(-4)/(-18). Suppose 0 = 4*p - 176 + y. What are the prime factors of p?
37
Let z(t) = -75*t + 331. List the prime factors of z(-10).
23, 47
Suppose -j + 3*z = 38, 0*j + z + 84 = -3*j. Suppose 11 - 6 = -5*p, -p = 4*k - 203. Let s = j + k. What are the prime factors of s?
2, 11
Suppose -5*j + 3625 = 4*c - 14607, 0 = c + 2. List the prime factors of j.
2, 3, 19
Let k = -1674 + 3163. List the prime factors of k.
1489
Let p(i) be the first derivative of -3*i**2/2 - 9*i - 2. Let n be p(-10). Suppose -3*d + 2*d = -n. What are the prime factors of d?
3, 7
Suppose v - 2 = -15. Let x(z) = z**3 + 14*z**2 + 12*z. Let y be x(v). What are the prime factors of (-70)/(-6)*39/y?
5, 7
What are the prime factors of (33036/18)/((-20)/(-30))?
2753
Suppose -k + 138 - 13 = o, 0 = -2*k + 2*o + 250. Suppose 0 = 13*w - 12*w - k. What are the prime factors of w?
5
Suppose 0 = 6*q + 233 - 941. Let u = q - 56. What are the prime factors of u?
2, 31
Let k be 26/65 + (-1)/((-5)/(-162)). List the prime factors of k*((-15)/6 + 0).
2, 5
Let h be 2/(-22)*-2928 - 4/22. Suppose -2*q + h + 8 = 0. List the prime factors of q.
137
List the prime factors of (-5265)/(-27) + 4/((-12)/9).
2, 3
Suppose -7*h - 91 - 70 = 0. Let w = h + 26. Suppose -2*r + 2*m = -4*r + 82, w = m. List the prime factors of r.
2, 19
Suppose -13 = -0*o + o + 3*s, 32 = -5*o - 4*s. Let c be (-3 + (3 - 6))/(15/(-20)). List the prime factors of -17*(o - c/(-4)).
2, 17
Let g(u) = -u**3 + 6*u**2 - 5*u - 4. Let f be g(4). Let m be (12/(-8))/(9/(-168)). Suppose -m + f = -d. What are the prime factors of d?
2, 5
Let t(w) = w**2 + 12*w + 21. Let l be t(-11). List the prime factors of 17/((-18)/l - -2).
5, 17
Let p(l) = l**3 - 11*l**2. Let s be p(11). Let g(t) = 2*t + 10. What are the prime factors of g(s)?
2, 5
Suppose -3*u - 1 = -5*l - 5, -2*l = -2*u + 4. Suppose -u*h + 2 = -13. Suppose -h*b + 88 + 72 = 0. What are the prime factors of b?
2
Let b(c) = -6*c - 26. Let w be b(-12). Suppose 2*i = 3*i + 5*f - 10, i - 4*f - w = 0. What are the prime factors of i?
2, 3, 5
Let c be (-4)/(-10) - 984/(-15). Let x = -50 + c. What are the prime factors of x?
2
Suppose 5*b + 5155 = k, 4*k + 25*b = 30*b + 20695. What are the prime factors of k?
2, 5, 7, 37
List the prime factors of 175/(1*1/2).
2, 5, 7
Let x(m) = m**3 - 6*m**2 + 8*m + 2. Let k be ((-2)/(-6))/(9/81). Let p(z) = z**2 - 3*z + 6. Let u be p(k). What are the prime factors of x(u)?
2, 5
Let b(y) = -19*y + 70. Let q(i) = 28*i - 105. Let w(t) = -7*b(t) - 5*q(t). List the prime factors of w(0).
5, 7
Let n(m) = -118*m + 33. What are the prime factors of n(-5)?
7, 89
Let d = -80 - -273. List the prime factors of d.
193
Let j be (-1)/(-1 + (-19)/(-20)). Suppose -2*i + 2*k + j = -3*k, 4*i = 2*k + 40. What are the prime factors of i?
2, 5
Suppose -3*j + 5*j = 0. Suppose j*i = -4*i + 112. Suppose 2*m = -5*l - 1 + i, 2*m - 23 = -l. What are the prime factors of m?
11
Let r = -85 - -125. Let c = -24 + r. What are the prime factors of 4*(-3)/6 + c?
2, 7
Let n be (-1)/5*2*-5. Suppose -n*k + 132 = 2*k. Suppose -4*l - k = -89. List the prime factors of l.
2, 7
Suppose 2*b + 4970 = 5*p, 3*b + 357 = p - 624. What are the prime factors of p?
2, 3, 83
Let a = -401 + 599. What are the prime factors of a?
2, 3, 11
Let g(p) = 15*p + 2. Let o be g(2). Let y be 49 - (0 + (1 - 1)). Let f = y - o. List the prime factors of f.
17
Let s(w) = 3*w + 3. Let o be s(-4). Let b be -12*(o + 2 + -4). Suppose m + b = 4*m. List the prime factors of m.
2, 11
Let d = -398 - -725. What are the prime factors of d?
3, 109
Suppose -a + 143 = -44. Suppose -t - 4*b + a = 0, -58 + 238 = t - 3*b. List the prime factors of t.
3, 61
Suppose 0 = -5*v + 3*y + 133, -25 = -0*v - v + y. Suppose 3*m = 3*t + 30, 5*m = 2*m + 4*t + v. List the prime factors of m.
11
Let i(v) = -131*v**3 - 5*v**2 + 12*v + 33. What are the prime factors of i(-2)?
17, 61
Suppose -2040 = -9*i - 6*i. List the prime factors of i.
2, 17
Suppose 5*z = 3*p - 194, -5*p - 5*z + 313 = -3*z. Suppose -5*w + 162 = -p. What are the prime factors of w?
3, 5
Let z = 21 - 19. Let u be 2/(z + (-1200)/604). Let h = u + -107. List the prime factors of h.
2, 11
What are the prime factors of 7539